{"id":10,"date":"2012-07-13T17:45:02","date_gmt":"2012-07-13T17:45:02","guid":{"rendered":"http:\/\/pastoral.manyanet.org\/wordpress\/?page_id=10"},"modified":"2023-11-27T12:25:03","modified_gmt":"2023-11-27T12:25:03","slug":"taller-naza-red","status":"publish","type":"page","link":"https:\/\/pastoral.manyanet.org\/wordpress\/taller-naza-red\/","title":{"rendered":"Taller Naza-Red"},"content":{"rendered":"<p>[vc_row][vc_column][vc_empty_space height=\u00bb50px\u00bb][\/vc_column][\/vc_row][vc_row][vc_column width=\u00bb1\/2&#8243;][vc_raw_html]JTNDaWZyYW1lJTIwc3JjJTNEJTIyaHR0cCUzQSUyRiUyRnd3dy5wb3d0b29uLmNvbSUyRmVtYmVkJTJGYkNoNnU0aUdPM0slMkYlMjIlMjB3aWR0aCUzRCUyMjQ4MCUyMiUyMGhlaWdodCUzRCUyMjMxMSUyMiUyMGZyYW1lYm9yZGVyJTNEJTIyMCUyMiUzRSUzQyUyRmlmcmFtZSUzRQ==[\/vc_raw_html][\/vc_column][vc_column width=\u00bb1\/2&#8243;][vc_column_text]<\/p>\n<h3>Bienvenidos:<\/h3>\n<p>El equipo del Taller de Naza-Red, es una iniciativa de la Delegaci\u00f3n espa\u00f1ola de los Hijos de la Sagrada Familia que quiere dar respuesta a la prioridad tercera de los Acuerdos Capitulares del 2011.<\/p>\n<p><strong>Taller de Naza-red<\/strong> quiere ser instrumento de todos para profundizar, celebrar y renovar a la luz de la Nueva Evangelizaci\u00f3n la pastoral en nuestros centros de apostolado. Es una aventura que quiere iniciarse haciendo camino con todos vosotros gracias a vuestras sugerencias podemos ser un instrumento \u00fatil y de todos para vivir m\u00e1s el estilo de Jes\u00fas en Nazaret (el del taller de Nazaret, donde se trabaja en equipo, con la ayuda de sus padres (Mar\u00eda y Jos\u00e9) y con la visi\u00f3n de Dios Padre.[\/vc_column_text][\/vc_column][\/vc_row][vc_row][vc_column][vc_empty_space height=\u00bb100 px\u00bb][pbr_title_heading title=\u00bbCuatro cambios a caminar en la pastoral\u00bb style=\u00bbv1&#8243;][\/vc_column][\/vc_row][vc_row][vc_column width=\u00bb1\/2&#8243;][pbr_title_heading title=\u00bbDel modelo de \u00abactividades de pastoral\u00ab al modelo de la escuela en pastoral \u00absist\u00e9mico\u00ab\u00bb style=\u00bbv4&#8243;][vc_column_text]La pastoral antes era la \u00abmar\u00eda\u00bb, desatendida, sin recursos, personal, ni tiempos. En un intento de revalorizar la pastoral, hemos creado bur\u00f3cratas ahogados en reuniones, en papeleos y en millones de actividades, que pierden de vista lo esencial. La escuela en pastoral (o pastoral sist\u00e9mica) es aquella que sabe crear procesos educativos que aprovechan todas las sinergias educativas de un centro.[\/vc_column_text][vc_empty_space height=\u00bb35px\u00bb][\/vc_column][vc_column width=\u00bb1\/2&#8243;][pbr_title_heading title=\u00bbDel modelo de \u00abtransmisi\u00f3n de la fe\u00ab al de la \u00abcompetencia espiritual\u00ab.\u00bb style=\u00bbv4&#8243;][vc_column_text]En Pedagog\u00eda y en todos los \u00e1mbitos de la Sociedad del Conocimiento, hace tiempo que ha muerto el modelo de transmisi\u00f3n de informaci\u00f3n como estrategia de aprendizaje y conocimiento. \u00bfPor qu\u00e9 en pastoral no se acaba de superar? \u00bfPor qu\u00e9 seguimos aferrados al miedo de perder el mensaje? El mensaje es comunicaci\u00f3n, es una conversaci\u00f3n y requiere de dos partes que quieran hablar. Ahora mismo una de las partes no quiere escuchar, y la otra no quiere conversar.[\/vc_column_text][vc_empty_space height=\u00bb35px\u00bb][\/vc_column][\/vc_row][vc_row][vc_column width=\u00bb1\/2&#8243;][pbr_title_heading title=\u00bbDel modelo \u00abconceptual\u00ab al modelo de \u00abcentros con inteligencia espiritual\u00ab.\u00bb style=\u00bbv4&#8243;][vc_column_text]La pastoral antes era la \u00abmar\u00eda\u00bb, desatendida, sin recursos, personal, ni tiempos. En un intento de revalorizar la pastoral, hemos creado bur\u00f3cratas ahogados en reuniones, en papeleos y en millones de actividades, que pierden de vista lo esencial. La escuela en pastoral (o pastoral sist\u00e9mica) es aquella que sabe crear procesos educativos que aprovechan todas las sinergias educativas de un centro.[\/vc_column_text][vc_empty_space height=\u00bb35px\u00bb][\/vc_column][vc_column width=\u00bb1\/2&#8243;][pbr_title_heading title=\u00bbDel modelo centrado en el \u00abalumno\u00ab al modelo de \u00abliderazgo espiritual\u00ab.\u00bb style=\u00bbv4&#8243;][vc_column_text]La inteligencia espiritual de un centro se construye desde el liderazgo del equipo directivo, al tomar opciones sobre la cultura organizativa.<\/p>\n<p>Somos conscientes que esto no se hace de hoy para ma\u00f1ana, ni exentos de errores y de perder a veces el rumbo. A la Familia de Nazaret le pedimos que nos inspiren y que nos ayuden. No es necesario m\u00e1s, basta con querer y creer. Entre todos lo conseguiremos.[\/vc_column_text][vc_empty_space height=\u00bb35px\u00bb][\/vc_column][\/vc_row][vc_row][vc_column][vc_separator][vc_empty_space height=\u00bb35px\u00bb][\/vc_column][\/vc_row][vc_row][vc_column width=\u00bb1\/4&#8243;][vc_single_image image=\u00bb799&#8243; img_size=\u00bbfull\u00bb][\/vc_column][vc_column width=\u00bb3\/4&#8243;][pbr_title_heading title=\u00bbEl logotipo\u00bb style=\u00bbv4&#8243;][vc_column_text]Para el dise\u00f1o del logotipo de Taller Naza-Red, se han trabajado dos conceptos que consideramos b\u00e1sicos de nuestro trabajo como equipo: por una parte, la familia, representada en este caso por tres figuras que simbolizan la Sagrada familia, y por otra parte la idea de dar, ofrecer, sugerir, expandir, proporcionar, guiar, &#8230; De este modo, las figuras surgen de un centro, una forma global central, para pasar a ser individuales y a la vez expandirse y llegar m\u00e1s all\u00e1.<\/p>\n<p>El logotipo no es figurativo sino que pasa por un matiz conceptual de manera que facilita la retenci\u00f3n en la memoria as\u00ed como que aumenta su pregnancia.<\/p>\n<p><em>Equipo del taller de Naza-Red<\/em>[\/vc_column_text][\/vc_column][\/vc_row][vc_row][vc_column][vc_empty_space height=\u00bb75 px\u00bb][\/vc_column][\/vc_row]<\/p>","protected":false},"excerpt":{"rendered":"<p>[vc_row][vc_column][vc_empty_space height=\u00bb50px\u00bb][\/vc_column][\/vc_row][vc_row][vc_column width=\u00bb1\/2&#8243;][vc_raw_html]JTNDaWZyYW1lJTIwc3JjJTNEJTIyaHR0cCUzQSUyRiUyRnd3dy5wb3d0b29uLmNvbSUyRmVtYmVkJTJGYkNoNnU0aUdPM0slMkYlMjIlMjB3aWR0aCUzRCUyMjQ4MCUyMiUyMGhlaWdodCUzRCUyMjMxMSUyMiUyMGZyYW1lYm9yZGVyJTNEJTIyMCUyMiUzRSUzQyUyRmlmcmFtZSUzRQ==[\/vc_raw_html][\/vc_column][vc_column width=\u00bb1\/2&#8243;][vc_column_text] Bienvenidos: El equipo del Taller de Naza-Red, es una iniciativa de la Delegaci\u00f3n espa\u00f1ola de los &hellip; <a href=\"https:\/\/pastoral.manyanet.org\/wordpress\/taller-naza-red\/\" class=\"more-link\">Continue reading <span class=\"screen-reader-text\">Taller Naza-Red<\/span> <span class=\"meta-nav\">&rarr;<\/span><\/a><\/p>\n","protected":false},"author":1,"featured_media":0,"parent":0,"menu_order":2,"comment_status":"closed","ping_status":"closed","template":"","meta":{"_monsterinsights_skip_tracking":false,"_monsterinsights_sitenote_active":false,"_monsterinsights_sitenote_note":"","_monsterinsights_sitenote_category":0,"ngg_post_thumbnail":0,"footnotes":""},"class_list":["post-10","page","type-page","status-publish","hentry"],"_links":{"self":[{"href":"https:\/\/pastoral.manyanet.org\/wordpress\/wp-json\/wp\/v2\/pages\/10","targetHints":{"allow":["GET"]}}],"collection":[{"href":"https:\/\/pastoral.manyanet.org\/wordpress\/wp-json\/wp\/v2\/pages"}],"about":[{"href":"https:\/\/pastoral.manyanet.org\/wordpress\/wp-json\/wp\/v2\/types\/page"}],"author":[{"embeddable":true,"href":"https:\/\/pastoral.manyanet.org\/wordpress\/wp-json\/wp\/v2\/users\/1"}],"replies":[{"embeddable":true,"href":"https:\/\/pastoral.manyanet.org\/wordpress\/wp-json\/wp\/v2\/comments?post=10"}],"version-history":[{"count":46,"href":"https:\/\/pastoral.manyanet.org\/wordpress\/wp-json\/wp\/v2\/pages\/10\/revisions"}],"predecessor-version":[{"id":5649,"href":"https:\/\/pastoral.manyanet.org\/wordpress\/wp-json\/wp\/v2\/pages\/10\/revisions\/5649"}],"wp:attachment":[{"href":"https:\/\/pastoral.manyanet.org\/wordpress\/wp-json\/wp\/v2\/media?parent=10"}],"curies":[{"name":"wp","href":"https:\/\/api.w.org\/{rel}","templated":true}]}}

<p>[vc_row][vc_column][vc_empty_space height=»50px»][/vc_column][/vc_row][vc_row][vc_column width=»1/2&#8243;][vc_raw_html]JTNDaWZyYW1lJTIwc3JjJTNEJTIyaHR0cCUzQSUyRiUyRnd3dy5wb3d0b29uLmNvbSUyRmVtYmVkJTJGYkNoNnU0aUdPM0slMkYlMjIlMjB3aWR0aCUzRCUyMjQ4MCUyMiUyMGhlaWdodCUzRCUyMjMxMSUyMiUyMGZyYW1lYm9yZGVyJTNEJTIyMCUyMiUzRSUzQyUyRmlmcmFtZSUzRQ==[/vc_raw_html][/vc_column][vc_column width=»1/2&#8243;][vc_column_text]</p>
<h3>Bienvenidos:</h3>
<p>El equipo del Taller de Naza-Red, es una iniciativa de la Delegación española de los Hijos de la Sagrada Familia que quiere dar respuesta a la prioridad tercera de los Acuerdos Capitulares del 2011.</p>
<p><strong>Taller de Naza-red</strong> quiere ser instrumento de todos para profundizar, celebrar y renovar a la luz de la Nueva Evangelización la pastoral en nuestros centros de apostolado. Es una aventura que quiere iniciarse haciendo camino con todos vosotros gracias a vuestras sugerencias podemos ser un instrumento útil y de todos para vivir más el estilo de Jesús en Nazaret (el del taller de Nazaret, donde se trabaja en equipo, con la ayuda de sus padres (María y José) y con la visión de Dios Padre.[/vc_column_text][/vc_column][/vc_row][vc_row][vc_column][vc_empty_space height=»100 px»][pbr_title_heading title=»Cuatro cambios a caminar en la pastoral» style=»v1&#8243;][/vc_column][/vc_row][vc_row][vc_column width=»1/2&#8243;][pbr_title_heading title=»Del modelo de «actividades de pastoral« al modelo de la escuela en pastoral «sistémico«» style=»v4&#8243;][vc_column_text]La pastoral antes era la «maría», desatendida, sin recursos, personal, ni tiempos. En un intento de revalorizar la pastoral, hemos creado burócratas ahogados en reuniones, en papeleos y en millones de actividades, que pierden de vista lo esencial. La escuela en pastoral (o pastoral sistémica) es aquella que sabe crear procesos educativos que aprovechan todas las sinergias educativas de un centro.[/vc_column_text][vc_empty_space height=»35px»][/vc_column][vc_column width=»1/2&#8243;][pbr_title_heading title=»Del modelo de «transmisión de la fe« al de la «competencia espiritual«.» style=»v4&#8243;][vc_column_text]En Pedagogía y en todos los ámbitos de la Sociedad del Conocimiento, hace tiempo que ha muerto el modelo de transmisión de información como estrategia de aprendizaje y conocimiento. ¿Por qué en pastoral no se acaba de superar? ¿Por qué seguimos aferrados al miedo de perder el mensaje? El mensaje es comunicación, es una conversación y requiere de dos partes que quieran hablar. Ahora mismo una de las partes no quiere escuchar, y la otra no quiere conversar.[/vc_column_text][vc_empty_space height=»35px»][/vc_column][/vc_row][vc_row][vc_column width=»1/2&#8243;][pbr_title_heading title=»Del modelo «conceptual« al modelo de «centros con inteligencia espiritual«.» style=»v4&#8243;][vc_column_text]La pastoral antes era la «maría», desatendida, sin recursos, personal, ni tiempos. En un intento de revalorizar la pastoral, hemos creado burócratas ahogados en reuniones, en papeleos y en millones de actividades, que pierden de vista lo esencial. La escuela en pastoral (o pastoral sistémica) es aquella que sabe crear procesos educativos que aprovechan todas las sinergias educativas de un centro.[/vc_column_text][vc_empty_space height=»35px»][/vc_column][vc_column width=»1/2&#8243;][pbr_title_heading title=»Del modelo centrado en el «alumno« al modelo de «liderazgo espiritual«.» style=»v4&#8243;][vc_column_text]La inteligencia espiritual de un centro se construye desde el liderazgo del equipo directivo, al tomar opciones sobre la cultura organizativa.</p>
<p>Somos conscientes que esto no se hace de hoy para mañana, ni exentos de errores y de perder a veces el rumbo. A la Familia de Nazaret le pedimos que nos inspiren y que nos ayuden. No es necesario más, basta con querer y creer. Entre todos lo conseguiremos.[/vc_column_text][vc_empty_space height=»35px»][/vc_column][/vc_row][vc_row][vc_column][vc_separator][vc_empty_space height=»35px»][/vc_column][/vc_row][vc_row][vc_column width=»1/4&#8243;][vc_single_image image=»799&#8243; img_size=»full»][/vc_column][vc_column width=»3/4&#8243;][pbr_title_heading title=»El logotipo» style=»v4&#8243;][vc_column_text]Para el diseño del logotipo de Taller Naza-Red, se han trabajado dos conceptos que consideramos básicos de nuestro trabajo como equipo: por una parte, la familia, representada en este caso por tres figuras que simbolizan la Sagrada familia, y por otra parte la idea de dar, ofrecer, sugerir, expandir, proporcionar, guiar, &#8230; De este modo, las figuras surgen de un centro, una forma global central, para pasar a ser individuales y a la vez expandirse y llegar más allá.</p>
<p>El logotipo no es figurativo sino que pasa por un matiz conceptual de manera que facilita la retención en la memoria así como que aumenta su pregnancia.</p>
<p><em>Equipo del taller de Naza-Red</em>[/vc_column_text][/vc_column][/vc_row][vc_row][vc_column][vc_empty_space height=»75 px»][/vc_column][/vc_row]</p>

<p>[vc_row][vc_column][vc_empty_space height=»50px»][/vc_column][/vc_row][vc_row][vc_column width=»1/2&#8243;][vc_raw_html]JTNDaWZyYW1lJTIwc3JjJTNEJTIyaHR0cCUzQSUyRiUyRnd3dy5wb3d0b29uLmNvbSUyRmVtYmVkJTJGYkNoNnU0aUdPM0slMkYlMjIlMjB3aWR0aCUzRCUyMjQ4MCUyMiUyMGhlaWdodCUzRCUyMjMxMSUyMiUyMGZyYW1lYm9yZGVyJTNEJTIyMCUyMiUzRSUzQyUyRmlmcmFtZSUzRQ==[/vc_raw_html][/vc_column][vc_column width=»1/2&#8243;][vc_column_text] Bienvenidos: El equipo del Taller de Naza-Red, es una iniciativa de la Delegación española de los &hellip; <a href="https://pastoral.manyanet.org/wordpress/taller-naza-red/" class="more-link">Continue reading <span class="screen-reader-text">Taller Naza-Red</span> <span class="meta-nav">&rarr;</span></a></p>
