{"id":3121,"date":"2014-09-24T23:19:33","date_gmt":"2014-09-24T23:19:33","guid":{"rendered":"http:\/\/pastoral.manyanet.org\/wordpress\/?page_id=3121"},"modified":"2016-12-13T11:50:26","modified_gmt":"2016-12-13T11:50:26","slug":"semana-manyanetiana","status":"publish","type":"page","link":"https:\/\/pastoral.manyanet.org\/wordpress\/semana-manyanetiana\/","title":{"rendered":"Semana manyanetiana"},"content":{"rendered":"[vc_row][vc_column][rev_slider_vc alias=\"cap_semanamanyanet\"][\/vc_column][\/vc_row][vc_row][vc_column width=\"1\/4\"][vc_empty_space][vc_single_image image=\"1375\" img_size=\"full\" alignment=\"center\"][\/vc_column][vc_column width=\"1\/4\"][vc_empty_space][vc_column_text]<a href=\"https:\/\/pastoral.manyanet.org\/wordpress\/wp-content\/uploads\/2012\/11\/manyanet_logos_ESP.tif.zip\" onclick=\"_gaq.push(['_trackEvent','download','https:\/\/pastoral.manyanet.org\/wordpress\/wp-content\/uploads\/2012\/11\/manyanet_logos_ESP.tif.zip']);\" >Desc\u00e1rgate el cartel <strong>CON logotipos\r\n<\/strong><\/a>\r\n<a href=\"https:\/\/pastoral.manyanet.org\/wordpress\/wp-content\/uploads\/2012\/11\/manyanet_sense_logos_ESP.tif.zip\" onclick=\"_gaq.push(['_trackEvent','download','https:\/\/pastoral.manyanet.org\/wordpress\/wp-content\/uploads\/2012\/11\/manyanet_sense_logos_ESP.tif.zip']);\" >Desc\u00e1rgate el cartels <strong>SIN logotipos\r\n<\/strong><\/a>\r\n<a href=\"https:\/\/pastoral.manyanet.org\/wordpress\/wp-content\/uploads\/2012\/11\/manyanet_generic.tif.zip\" onclick=\"_gaq.push(['_trackEvent','download','https:\/\/pastoral.manyanet.org\/wordpress\/wp-content\/uploads\/2012\/11\/manyanet_generic.tif.zip']);\" >Desc\u00e1rgate el cartel <strong>gen\u00e9rico<\/strong> (sin texto ni logos)<\/a>[\/vc_column_text][\/vc_column][vc_column width=\"1\/4\"][vc_empty_space][vc_column_text]\r\n<p style=\"text-align: center;\"><a href=\"?page_id=1507\"><img loading=\"lazy\" decoding=\"async\" class=\"aligncenter\" src=\"https:\/\/pastoral.manyanet.org\/wordpress\/wp-content\/uploads\/2012\/11\/ico_celeb.jpg\" alt=\"\" width=\"86\" height=\"86\" \/>\r\nCelebraciones\r\n<\/a>\r\n<a href=\"?page_id=1575\"><img loading=\"lazy\" decoding=\"async\" class=\"alignnone\" src=\"https:\/\/pastoral.manyanet.org\/wordpress\/wp-content\/uploads\/2012\/11\/ico_act.jpg\" alt=\"\" width=\"86\" height=\"86\" \/>\r\nActividades\r\n<\/a>\r\n<a href=\"?page_id=1298\"><img loading=\"lazy\" decoding=\"async\" class=\"alignnone\" src=\"https:\/\/pastoral.manyanet.org\/wordpress\/wp-content\/uploads\/2012\/11\/ico_images.jpg\" alt=\"\" width=\"86\" height=\"86\" \/>\r\nIm\u00e1genes<\/a><\/p>\r\n[\/vc_column_text][\/vc_column][vc_column width=\"1\/4\"][vc_empty_space][vc_column_text]\r\n<p style=\"text-align: center;\"><a href=\"?page_id=1364\"><img loading=\"lazy\" decoding=\"async\" class=\"aligncenter\" src=\"\/wordpress\/wp-content\/uploads\/2012\/11\/ico_musica.jpg\" alt=\"\" width=\"86\" height=\"86\" \/>\r\nAudio\r\n<\/a>\r\n<a href=\"\/wordpress\/infantil\/setmana-manyanetiana-inf\/documentos-padre-manyanet\"><img loading=\"lazy\" decoding=\"async\" class=\"alignnone\" src=\"\/wordpress\/wp-content\/uploads\/2012\/11\/ico_doc.jpg\" alt=\"\" width=\"86\" height=\"86\" \/>\r\nDocumentos\r\n<\/a>\r\n<a href=\"?page_id=1498\"><img loading=\"lazy\" decoding=\"async\" class=\"alignnone\" src=\"\/wordpress\/wp-content\/uploads\/2012\/11\/ico_videos.jpg\" alt=\"\" width=\"86\" height=\"86\" \/>\r\nPresentaciones<\/a><\/p>\r\n[\/vc_column_text][\/vc_column][\/vc_row][vc_row][vc_column][vc_empty_space height=\"50px\"][\/vc_column][\/vc_row][vc_row][vc_column width=\"1\/4\"][vc_single_image image=\"4127\" img_size=\"full\" onclick=\"custom_link\" img_link_target=\"_blank\" link=\"http:\/\/www.orar.manyanet.org\"][\/vc_column][vc_column width=\"1\/4\"][vc_single_image image=\"4122\" img_size=\"full\" onclick=\"custom_link\" img_link_target=\"_blank\" link=\"http:\/\/www.orar.manyanet.org\"][\/vc_column][vc_column width=\"1\/4\"][vc_single_image image=\"4125\" img_size=\"full\" onclick=\"custom_link\" img_link_target=\"_blank\" link=\"http:\/\/www.orar.manyanet.org\"][\/vc_column][vc_column width=\"1\/4\"][vc_single_image image=\"4128\" img_size=\"full\" onclick=\"custom_link\" link=\"\/wordpress\/historial\/\"][\/vc_column][\/vc_row][vc_row][vc_column][vc_empty_space height=\"100\"][\/vc_column][\/vc_row]","protected":false},"excerpt":{"rendered":"<p>[vc_row][vc_column][rev_slider_vc alias=\u00bbcap_semanamanyanet\u00bb][\/vc_column][\/vc_row][vc_row][vc_column width=\u00bb1\/4&#8243;][vc_empty_space][vc_single_image image=\u00bb1375&#8243; img_size=\u00bbfull\u00bb alignment=\u00bbcenter\u00bb][\/vc_column][vc_column width=\u00bb1\/4&#8243;][vc_empty_space][vc_column_text]Desc\u00e1rgate el cartel CON logotipos Desc\u00e1rgate el cartels SIN logotipos Desc\u00e1rgate el cartel gen\u00e9rico (sin texto ni logos)[\/vc_column_text][\/vc_column][vc_column width=\u00bb1\/4&#8243;][vc_empty_space][vc_column_text] Celebraciones Actividades Im\u00e1genes [\/vc_column_text][\/vc_column][vc_column width=\u00bb1\/4&#8243;][vc_empty_space][vc_column_text] Audio Documentos Presentaciones [\/vc_column_text][\/vc_column][\/vc_row][vc_row][vc_column][vc_empty_space height=\u00bb50px\u00bb][\/vc_column][\/vc_row][vc_row][vc_column width=\u00bb1\/4&#8243;][vc_single_image image=\u00bb4127&#8243; img_size=\u00bbfull\u00bb onclick=\u00bbcustom_link\u00bb img_link_target=\u00bb_blank\u00bb link=\u00bbhttp:\/\/www.orar.manyanet.org\u00bb][\/vc_column][vc_column width=\u00bb1\/4&#8243;][vc_single_image image=\u00bb4122&#8243; img_size=\u00bbfull\u00bb onclick=\u00bbcustom_link\u00bb img_link_target=\u00bb_blank\u00bb link=\u00bbhttp:\/\/www.orar.manyanet.org\u00bb][\/vc_column][vc_column width=\u00bb1\/4&#8243;][vc_single_image image=\u00bb4125&#8243; img_size=\u00bbfull\u00bb onclick=\u00bbcustom_link\u00bb img_link_target=\u00bb_blank\u00bb link=\u00bbhttp:\/\/www.orar.manyanet.org\u00bb][\/vc_column][vc_column width=\u00bb1\/4&#8243;][vc_single_image image=\u00bb4128&#8243; &hellip; <a href=\"https:\/\/pastoral.manyanet.org\/wordpress\/semana-manyanetiana\/\" class=\"more-link\">Continue reading <span class=\"screen-reader-text\">Semana manyanetiana<\/span> <span class=\"meta-nav\">&rarr;<\/span><\/a><\/p>\n","protected":false},"author":1,"featured_media":0,"parent":0,"menu_order":0,"comment_status":"closed","ping_status":"closed","template":"","meta":{"footnotes":""},"class_list":["post-3121","page","type-page","status-publish","hentry"],"_links":{"self":[{"href":"https:\/\/pastoral.manyanet.org\/wordpress\/wp-json\/wp\/v2\/pages\/3121","targetHints":{"allow":["GET"]}}],"collection":[{"href":"https:\/\/pastoral.manyanet.org\/wordpress\/wp-json\/wp\/v2\/pages"}],"about":[{"href":"https:\/\/pastoral.manyanet.org\/wordpress\/wp-json\/wp\/v2\/types\/page"}],"author":[{"embeddable":true,"href":"https:\/\/pastoral.manyanet.org\/wordpress\/wp-json\/wp\/v2\/users\/1"}],"replies":[{"embeddable":true,"href":"https:\/\/pastoral.manyanet.org\/wordpress\/wp-json\/wp\/v2\/comments?post=3121"}],"version-history":[{"count":20,"href":"https:\/\/pastoral.manyanet.org\/wordpress\/wp-json\/wp\/v2\/pages\/3121\/revisions"}],"predecessor-version":[{"id":4510,"href":"https:\/\/pastoral.manyanet.org\/wordpress\/wp-json\/wp\/v2\/pages\/3121\/revisions\/4510"}],"wp:attachment":[{"href":"https:\/\/pastoral.manyanet.org\/wordpress\/wp-json\/wp\/v2\/media?parent=3121"}],"curies":[{"name":"wp","href":"https:\/\/api.w.org\/{rel}","templated":true}]}}